{"version":"1.0","provider_name":"Oidhreacht Chorca Dhuibhne","provider_url":"https:\/\/www.oidhreacht.ie\/ga\/","title":"Ardaigh an Laiste - Oidhreacht Chorca Dhuibhne","type":"rich","width":600,"height":338,"html":"<blockquote class=\"wp-embedded-content\" data-secret=\"A2YDOaVgvA\"><a href=\"https:\/\/www.oidhreacht.ie\/ga\/product\/ardaigh-an-laiste\/\">Ardaigh an Laiste<\/a><\/blockquote><iframe sandbox=\"allow-scripts\" security=\"restricted\" src=\"https:\/\/www.oidhreacht.ie\/ga\/product\/ardaigh-an-laiste\/embed\/#?secret=A2YDOaVgvA\" width=\"600\" height=\"338\" title=\"&#8220;Ardaigh an Laiste&#8221; &#8212; Oidhreacht Chorca Dhuibhne\" data-secret=\"A2YDOaVgvA\" frameborder=\"0\" marginwidth=\"0\" marginheight=\"0\" scrolling=\"no\" class=\"wp-embedded-content\"><\/iframe><script>\n\/*! This file is auto-generated *\/\n!function(d,l){\"use strict\";l.querySelector&&d.addEventListener&&\"undefined\"!=typeof URL&&(d.wp=d.wp||{},d.wp.receiveEmbedMessage||(d.wp.receiveEmbedMessage=function(e){var t=e.data;if((t||t.secret||t.message||t.value)&&!\/[^a-zA-Z0-9]\/.test(t.secret)){for(var s,r,n,a=l.querySelectorAll('iframe[data-secret=\"'+t.secret+'\"]'),o=l.querySelectorAll('blockquote[data-secret=\"'+t.secret+'\"]'),c=new RegExp(\"^https?:$\",\"i\"),i=0;i<o.length;i++)o[i].style.display=\"none\";for(i=0;i<a.length;i++)s=a[i],e.source===s.contentWindow&&(s.removeAttribute(\"style\"),\"height\"===t.message?(1e3<(r=parseInt(t.value,10))?r=1e3:~~r<200&&(r=200),s.height=r):\"link\"===t.message&&(r=new URL(s.getAttribute(\"src\")),n=new URL(t.value),c.test(n.protocol))&&n.host===r.host&&l.activeElement===s&&(d.top.location.href=t.value))}},d.addEventListener(\"message\",d.wp.receiveEmbedMessage,!1),l.addEventListener(\"DOMContentLoaded\",function(){for(var e,t,s=l.querySelectorAll(\"iframe.wp-embedded-content\"),r=0;r<s.length;r++)(t=(e=s[r]).getAttribute(\"data-secret\"))||(t=Math.random().toString(36).substring(2,12),e.src+=\"#?secret=\"+t,e.setAttribute(\"data-secret\",t)),e.contentWindow.postMessage({message:\"ready\",secret:t},\"*\")},!1)))}(window,document);\n\/\/# sourceURL=https:\/\/www.oidhreacht.ie\/wp-includes\/js\/wp-embed.min.js\n<\/script>\n","thumbnail_url":"https:\/\/www.oidhreacht.ie\/wp-content\/uploads\/2020\/02\/ardaigh-an-laiste.jpg","thumbnail_width":300,"thumbnail_height":300,"description":"ISBN 9780906 096 215 Amhr\u00e1in agus Rannta don Aos \u00d3g at\u00e1 anso agus iad a r\u00e1 ag Bernie Ph\u00e1id N\u00ed Mhuircheartaigh agus ag P\u00e1id\u00ed Mh\u00e1rthain Mac Gearailt \u00f3 Chorca Dhuibhne, Co. Chiarra\u00ed. \u00a0Leanann seo Sic\u00edn Mise go Sona S\u00e1sta a d\u2019eisigh Oidhreacht Chorca Dhuibhne i gcomhar leis na hamhr\u00e1naithe c\u00e9anna sa bhliain 2014. \u00a0\u00c1is \u00ed seo do Chuairteoir\u00ed Baile de chuid T\u00fas Maith, Sc\u00e9im Taca\u00edochta Teanga do thuismitheoir\u00ed Gaeltachta ag Oidhreacht Chorca Dhuibhne, Baile an Fheirt\u00e9araigh, Co. Chiarra\u00ed agus do Ch\u00fant\u00f3ir\u00ed Teanga i mbunscoileanna Chorca Dhuibhne. \u00a0Deineadh an t-\u00e1bhar a thaifead le maoini\u00fa \u00f3n Roinn Eala\u00edon, Oidhreachta, Gn\u00f3tha\u00ed R\u00e9igi\u00fanacha, Tuaithe agus Gaeltachta. \u00a0Bu\u00edochas le Donogh Hennessy a bh\u00ed i mbun taifid agus tionlacain ar an ndl\u00fathdhiosca. \u00a0Ba \u00e9 D\u00f3mhnal \u00d3 Bric, D\u00fan Chaoin, Co. Chiarra\u00ed a bh\u00ed i mbun eala\u00edne agus Feargal Mac Amhlaoibh, Inn\u00e9 Teo., D\u00fan Chaoin, Co. Chiarra\u00ed an dearth\u00f3ir. \u00a0Allmedia a chuir i gcl\u00f3. \u00a0Orlaith Ruis\u00e9al (T\u00fas Maith &amp; Oidhreacht Chorca Dhuibhne) a chomhordaigh an togra."}

ISBN 9780906 096 215 Amhráin agus Rannta don Aos Óg atá anso agus iad a rá ag Bernie Pháid Ní Mhuircheartaigh agus ag Páidí Mhárthain Mac Gearailt ó Chorca Dhuibhne, Co. Chiarraí.  Leanann seo Sicín Mise go Sona Sásta a d’eisigh Oidhreacht Chorca Dhuibhne i gcomhar leis na hamhránaithe céanna sa bhliain 2014.  Áis í seo do Chuairteoirí Baile de chuid Tús Maith, Scéim Tacaíochta Teanga do thuismitheoirí Gaeltachta ag Oidhreacht Chorca Dhuibhne, Baile an Fheirtéaraigh, Co. Chiarraí agus do Chúntóirí Teanga i mbunscoileanna Chorca Dhuibhne.  Deineadh an t-ábhar a thaifead le maoiniú ón Roinn Ealaíon, Oidhreachta, Gnóthaí Réigiúnacha, Tuaithe agus Gaeltachta.  Buíochas le Donogh Hennessy a bhí i mbun taifid agus tionlacain ar an ndlúthdhiosca.  Ba é Dómhnal Ó Bric, Dún Chaoin, Co. Chiarraí a bhí i mbun ealaíne agus Feargal Mac Amhlaoibh, Inné Teo., Dún Chaoin, Co. Chiarraí an dearthóir.  Allmedia a chuir i gcló.  Orlaith Ruiséal (Tús Maith &amp; Oidhreacht Chorca Dhuibhne) a chomhordaigh an togra.
